ite?
False
Let v(t) = 17*t + 1 - 62*t + 22*t + 13*t. Let n be 3 + (-1)/1 + -5. Is v(n) a prime number?
True
Suppose 41499 = 50*c - 270751. Is c composite?
True
Suppose r = -4*f - 417 - 427, 3311 = -4*r - 3*f. Suppose 0 = 9*s - 6*s + 1179. Let o = s - r. Is o prime?
True
Let y(h) = 2*h**2 + 4*h + 6. Let v be y(-2). Let w(x) = 82*x + 7. Is w(v) composite?
False
Let d = 7656 + -3947. Is d prime?
True
Let m(p) = 13*p + 1. Let h be m(-1). Let u be (h - -317) + (5 - 1). Let i = u - -178. Is i a prime number?
True
Let d = 88202 - -59269. Is d prime?
False
Suppose -2*q + 0*q = -694. Suppose x + 3*w = 2*x - q, w + 351 = x. Suppose x = 4*j - 3*g, -448 = -5*j - 2*g - g. Is j a prime number?
True
Let l = 50 - 28. Suppose -4*k + l = 2*v, -4*v = -2*k - 7 + 3. Suppose k*y - 37 = 39. Is y prime?
True
Let d = -84 - -45. Let i be (8/(-10))/(1/(-5)). Is (i + d/9)*-159 a prime number?
True
Suppose -10*t = 4*t + 28. Is (0 - -422)*t/(-4) composite?
False
Suppose 3*g = 12, 4*g - 40 = -5*y - g. Suppose y*b - 466 = s + 1342, b + s = 447. Is b prime?
False
Suppose -5*j = -6*j + 5. Suppose j*z + 0*z + 3*g - 6629 = 0, g + 1321 = z. Suppose -5*x + z = -x. Is x prime?
True
Let u(l) = -l + 9. Let x be u(-4). Suppose -3*o - 5870 = -x*o. Is o a prime number?
True
Let o(l) = l**3 + 9*l**2 + 6*l - 3. Let q be o(-8). Suppose -9*k + q*k = 1692. Suppose -13 + k = 5*m. Is m a composite number?
True
Let d(h) = -h**3 + 11*h**2 + 6*h + 2. Let m be d(12). Let z = m + 188. Is z a composite number?
True
Let h = 150 + 835. Is h a prime number?
False
Suppose -3178 = 3*i - 37915. Is i composite?
False
Let f(l) = -29*l**3 + l**2 + 2*l + 1. Let p be (-1)/(2 + 84/(-40)). Suppose 0 = -6*b + b - p. Is f(b) a composite number?
False
Let t be (-8 - -8)/((6 + -2)/(-2)). Suppose 0*u - 3*u - 2*w = -3827, -5*u + w + 6387 = t. Is u composite?
False
Let x be 3/18 + 644/24. Suppose 858 = 5*y - x. Is y a composite number?
True
Let g(f) = -f**3 + 13*f**2 + 18*f + 5. Let w be g(15). Let s = w + 50. Let b = s + 184. Is b composite?
False
Suppose 6*d + 4800 - 28476 = 0. Is d a composite number?
True
Let f(i) = 343*i - 13. Let k be f(-21). Let n = -1311 - k. Is n composite?
True
Suppose r - v = 12, -3*v = 2*r - 0 + 1. Let t(m) be the second derivative of m**4/12 - m**3 - 5*m**2/2 - 7*m. Is t(r) a prime number?
True
Is 10/35 + (-317466)/(-42) a composite number?
False
Suppose 5*r = 4*h + 2, -2 - 2 = -h - r. Suppose -h*k + k = -1101. Suppose 0 = -4*t + k - 73. Is t a prime number?
True
Is (0 - 75356/6)/((-12)/18) a composite number?
False
Suppose 0*j - 29*j + 254069 = 0. Is j a composite number?
False
Let j(h) = -3225*h - 109. Is j(-15) composite?
True
Let l(y) be the third derivative of 199*y**4/24 - 4*y**3/3 - 45*y**2. Is l(3) a composite number?
True
Let s = 13672 - 4891. Is s composite?
True
Let v(n) = 228*n**2 + 25*n - 6. Is v(9) a composite number?
True
Let u = -45 - -48. Is (-4)/18 + 4871*u/27 a prime number?
True
Suppose -13*t = 34*t - 674497. Is t prime?
False
Suppose 0 = -d - 2*d + 21. Let i(c) = -c**3 - 10*c**2 - 11*c - 15. Let n be i(-9). Suppose 0 = d*k - n*k - 196. Is k a prime number?
False
Let u = -74 + 707. Is u prime?
False
Let v be ((-14)/28)/((-2 + 0)/(-10668)). Let n = 592 - v. Is n prime?
True
Let p = -13 - -18. Suppose x + 4 = p. Is x/((-4)/(-76)) - 0 a composite number?
False
Let b(t) = 3*t + 42. Let k be b(-14). Suppose k = -y - 5*h + 11, 3*h + 8 = -h. Is y composite?
True
Let b(o) = -o**3 + 2*o**2 + 4*o - 2. Let q be b(4). Let a = q + 16. Is ((-9926)/(-70))/(a/(-10)) prime?
True
Let n = -124 + -48. Let y = 51 - n. Is y a prime number?
True
Let w(y) = 26*y - 121. Is w(8) a prime number?
False
Let l = 16 - 7. Let m = 16 + l. Is m prime?
False
Let n = 9 + -29. Let v(s) = 2*s**2 + 9*s + 21. Is v(n) composite?
False
Suppose 80*a - 12485 = 69*a. Is a a prime number?
False
Let i(p) = 22*p**2 + 3*p - 4. Let x = 1 - -5. Suppose -11*a + x*a - 15 = 0. Is i(a) a prime number?
False
Let l be (-10245)/(-2 - 3)*3. Suppose -3*c - l = -3*s, 9 + 7 = 4*c. Is s composite?
False
Let g = -1031 - -647. Is -7 - g - 2*-1 prime?
True
Suppose 4*j + 21*q = 18*q + 5890, -j + 2*q = -1467. Is j a composite number?
False
Is (-3)/(6/(-14780)) + 54/18 a prime number?
True
Suppose -321*r + 324*r - 18969 = 0. Is r composite?
False
Let i(n) = 107*n**2 + 115*n + 43. Is i(19) a composite number?
True
Suppose -3*w = -0*w - 120. Let j be (-26)/((-2)/(-4)*2). Let p = w + j. Is p composite?
True
Let q = -1546 - -2193. Is q a composite number?
False
Suppose -3*p - 18 = -3*w + 6, -3*w - 5*p - 8 = 0. Suppose w*m + 2065 + 1299 = 0. Let f = m + 1212. Is f composite?
True
Let d = -14 - -19. Suppose 4*b - b + 4*u = -5, 5*u = d. Let x(m) = -29*m + 7. Is x(b) prime?
False
Let k(w) = w + 10. Let u be k(-6). Suppose -5*n = -y - 0*n + 33, 0 = -u*y - n + 90. Is y prime?
True
Suppose l = -2*l + 21. Let v(i) = 8*i**3 + 34*i**2 - 4*i - 1. Let z(y) = 3*y**3 + 11*y**2 - y. Let q(d) = 4*v(d) - 11*z(d). Is q(l) a composite number?
False
Let d be (17/34)/((-1)/(-48)). Let v(j) = -30 + 11 + d*j - 70*j. Is v(-12) composite?
True
Suppose 2*q + 12 = -5*x, q - x - 6 = 5*q. Let g be (2 + q - 2) + -346. Let u = -226 - g. Is u a composite number?
True
Let s(m) = 54*m**2 - 3*m - 34. Is s(11) prime?
False
Suppose 113 + 355 = -6*u. Is (-4)/(-12) - u/9 prime?
False
Let f(y) = 27*y + 8. Let u(a) = -1. Let d(b) = -f(b) - u(b). Let p be d(-6). Suppose -5*i - n = -239 - p, 3*i - 241 = 4*n. Is i a composite number?
False
Let u(y) be the third derivative of -77*y**4/12 - 31*y**3/6 + 24*y**2. Is u(-7) composite?
True
Is -4 - ((-18)/(-8))/(30/(-13040)) prime?
False
Suppose 0 = -10*u + 15*u - 20. Suppose 420 + 104 = u*m. Is m composite?
False
Let o = -30 + 21. Let u = o + 20. Is u a prime number?
True
Let q(z) = 4*z**2 + 24*z - 7. Let x be q(-8). Let k = x - -74. Is k a composite number?
False
Suppose w + 2 = 3*t, 5*w = 3*t + t - 10. Suppose t = -5*a + 4*a + 77. Suppose -50 = -k + a. Is k a prime number?
True
Suppose 2*y - 4408 = 3*x, 6666 = 4*y + 2*x - 2166. Is y composite?
False
Let y(n) = -699*n**2 + n. Let b(m) = m - 1. Let i be b(0). Let c be y(i). Let q = -305 - c. Is q a composite number?
True
Let o be -2 + 2 + (34 - 9). Let s(k) = 11*k + 18. Is s(o) composite?
False
Suppose -b = -3*d - 3005, 3*d + 3013 = b + 2*d. Is b a prime number?
False
Suppose 2*p = 4*p + 716. Let o = 670 - 1657. Let d = p - o. Is d composite?
True
Suppose 3*m - 17 = -0*m - 2*r, -5 = -5*r. Let w = -41 - -78. Suppose m*s - 4*s = w. Is s composite?
False
Let z = -4 + 1405. Is z a prime number?
False
Let k = 10 + -5. Suppose -1095 = -2*f + 1357. Suppose -r + k*r - 2*a - f = 0, -2*a + 309 = r. Is r composite?
False
Let q(r) = r + 5. Let z be q(0). Let x = 73 + -70. Suppose -j = -2*j - x*m + 298, 890 = 3*j + z*m. Is j composite?
True
Suppose -16060 = -30*g + 235070. Is g a prime number?
False
Let n(u) = -5*u + 55. Let o be n(11). Let x(q) = -1 - 20 + 86 + q. Is x(o) composite?
True
Let q be (-1)/(-4) + 549/(-36). Let x = q - -13. Let f(i) = -66*i**3 - 3*i**2 - 2*i + 1. Is f(x) a composite number?
False
Is 3/3*(3629 - 56/(-7)) prime?
True
Let j be (12/2)/((-15)/(-230)). Let n = 214 - j. Is n a prime number?
False
Suppose 0 = n - 2*r, 2*n = 4*n + r. Suppose n = 2*m + 3*m + 5. Is (-2)/m - (0 + -201) prime?
False
Suppose 2*r + 4*f - 15 - 25 = 0, -3*r - 4*f = -50. Let s be 1152/240 + 2/(-1 + 11). Suppose -r*h + 55 = -s*h. Is h composite?
False
Suppose -23 = -4*v - 7. Suppose 4*n = k + v*k + 355, -k - 470 = -5*n. Is n a prime number?
False
Let l = -11 - -15. Suppose -l*z = 3 - 135. Suppose -t + z + 56 = 0. Is t a composite number?
False
Let x(q) = 704*q + 17. Is x(6) a prime number?
True
Suppose -n = 3*n - 5*w - 1661, 0 = -2*n - w + 841. Let m = n - 100. Is m a composite number?
True
Let n(m) = -m**3 + 6*m**2 - m + 9. Let c be n(6). Suppose c*f = 5*l - 0*f - 106, -4*l + 4*f = -80. Let s = 98 + l. Is s prime?
False
Let i = 3073 - 2016. Is i a composite number?
True
Is 1431564/18 - (-4)/(-12) a prime number?
True
Let u be (-128)/(-24) - (-2)/3. Let p(a) = 12*a - 12. Let q be p(u). Let j = q + -7. Is j a prime number?
True
Let w(z) = z + 57*z**2 - 6 + 6*z**2 - 6 - 5*z. Is w(5) a prime number?
True
Suppose 5*v + 4*f - 33403 = 0, -5*f + 6284 + 405 = v. Is v a prime number?
True
Let c = 18198 - 11707. I